is -1706 - 500433?
-502341
In base 11, what is 0 + -2372a35?
-2372a35
In base 5, what is -2320 + -12032240?
-12040110
In base 3, what is 101100222010 - -10002201?
101111001211
In base 7, what is 344012234 + -3?
344012231
In base 2, what is 10100100011000100 - -1110111?
10100100100111011
In base 14, what is -1d - -4345d7?
4345b8
In base 12, what is 5068 - -6a0?
5748
In base 3, what is 120011010122202 - 12?
120011010122120
In base 4, what is 11213011102 - -132?
11213011300
In base 5, what is 10 - -1230412210?
1230412220
In base 14, what is 1 - -77c04b?
77c04c
In base 5, what is -32 - 442344100?
-442344132
In base 5, what is 43401 + -11013020?
-10414114
In base 5, what is -100132402012 + -1?
-100132402013
In base 16, what is -d + -16713?
-16720
In base 10, what is -1 - -2165833?
2165832
In base 3, what is 102 - -2220222221120110?
2220222221120212
In base 9, what is 324 - -2405132?
2405456
In base 9, what is 34264821 - -2?
34264823
In base 13, what is -1a2b2623 + 1?
-1a2b2622
In base 8, what is 3 - -56701013?
56701016
In base 10, what is 1569577 - -2?
1569579
In base 11, what is -89a87476 - -5?
-89a87471
In base 14, what is 3 - -262051?
262054
In base 6, what is -550030040 - 3?
-550030043
In base 6, what is 2 + -105430033?
-105430031
In base 2, what is -100000100100001100111101000 + -10?
-100000100100001100111101010
In base 15, what is 441698e - 1?
441698d
In base 11, what is -27731 - 59?
-2778a
In base 15, what is -1 + -17b7dd47?
-17b7dd48
In base 10, what is 33634 - 36?
33598
In base 12, what is 1400 - -7a8?
1ba8
In base 10, what is -1 + 33711?
33710
In base 14, what is 4 - -a2c18?
a2c1c
In base 5, what is -10310 + -11441300?
-12002110
In base 3, what is -1121210 + 21000000?
12101020
In base 11, what is 2523 + -418?
2106
In base 3, what is -12100001201 + -20?
-12100001221
In base 11, what is 5855 - 11a38?
-7193
In base 11, what is a4a - -42064?
43003
In base 4, what is 110 - -231013132?
231013302
In base 13, what is -5c1071 - -8?
-5c1066
In base 3, what is 20100202 - -1002021000?
1022121202
In base 7, what is 2025 + -330565?
-325540
In base 2, what is 110110111100100000 - -1010111?
110110111101110111
In base 11, what is a + -4430658?
-4430649
In base 12, what is 18 + 579244?
579260
In base 15, what is 4 - -9ba34?
9ba38
In base 9, what is 2 + 7760728?
7760731
In base 10, what is -3 - 3388019?
-3388022
In base 13, what is -11b2b581 - -4?
-11b2b57a
In base 9, what is 1617822 - 37?
1617774
In base 6, what is -2 + -2234333?
-2234335
In base 11, what is -a6 - -5502?
5407
In base 12, what is 111 - -1590b?
15a20
In base 11, what is -8 + 1081040?
1081033
In base 16, what is 1b84b8f - 12?
1b84b7d
In base 6, what is -1 + -34521553?
-34521554
In base 14, what is -c07d - -227d?
-9c00
In base 15, what is 95cb + -21e?
93ac
In base 13, what is -996010 - -5?
-996008
In base 2, what is -110011001 + 1100001011000000?
1100000100100111
In base 5, what is -24 - -31101212332?
31101212303
In base 9, what is -15003 - 546?
-15550
In base 9, what is -3 + 136316867?
136316864
In base 11, what is -13a47 + -15236?
-29182
In base 2, what is -11101011000100 + -100110101100111?
-1000100000101011
In base 2, what is -100010001001101 + -1101100?
-100010010111001
In base 14, what is 935d95 + 29?
935dc0
In base 12, what is 37a38 - 2b8?
37740
In base 13, what is -a04326a + 1?
-a043269
In base 3, what is 112210100211 - 2212?
112210020222
In base 12, what is -5 + -168a9399?
-168a93a2
In base 10, what is 974068 - 347?
973721
In base 2, what is -111101010000011010101100 - -1?
-111101010000011010101011
In base 16, what is -1136c5b + 1?
-1136c5a
In base 5, what is -2334 - -22314332?
22311443
In base 8, what is -2004 + 637665?
635661
In base 11, what is -4 + 21999a94?
21999a90
In base 13, what is -2c + -cb079?
-cb0a8
In base 2, what is 10 + 11001110100010001011101?
11001110100010001011111
In base 3, what is -121212 + -2011101202?
-2012000121
In base 6, what is 1511 + 1200350?
1202301
In base 7, what is -14156 - -23161?
6002
In base 15, what is 3 - b2b89c7?
-b2b89c4
In base 2, what is 101011111 + -101000111100111011100?
-101000111100001111101
In base 2, what is -1011000001110 + 10110111000?
-1000001010110
In base 7, what is -44653 + 1015?
-43635
In base 6, what is -21 + 213124?
213103
In base 8, what is 50545321 + 14?
50545335
In base 5, what is 210443 - 31230?
124213
In base 3, what is 1100020 - 211102222?
-210002202
In base 12, what is 81810376 - 4?
81810372
In base 12, what is -155357329 - -3?
-155357326
In base 16, what is 225 + 44075?
4429a
In base 12, what is 8 - 48b10185?
-48b10179
In base 4, what is 212013 + -3232201?
-3020122
In base 7, what is 14 + -3220016441?
-3220016424
In base 14, what is 11aa668 + -9?
11aa65d
In base 12, what is b8443ab + -1?
b8443aa
In base 12, what is 1 + 611a20?
611a21
In base 14, what is -13bd88c65 + -2?
-13bd88c67
In base 3, what is -11 + 212210021200000110?
212210021200000022
In base 10, what is -129 - 367907?
-368036
In base 16, what is -3a37b3 - 60?
-3a3813
In base 14, what is 1dbd5d0 + 4?
1dbd5d4
In base 15, what is -141208 - -2?
-141206
In base 2, what is -10111101010110110 - 111010?
-10111101011110000
In base 8, what is -31014501 - 4?
-31014505
In base 12, what is -345 + 36b467?
36b122
In base 13, what is 5 - -51c2c6?
51c2cb
In base 8, what is 5 + 146345723?
146345730
In base 7, what is 3 - 2505605?
-2505602
In base 10, what is -3 - 48210415?
-48210418
In base 5, what is -4 + 14414043?
14414034
In base 12, what is -3 - 91?
-94
In base 13, what is 8 - -559334?
55933c
In base 7, what is 5205 - 526?
4346
In base 5, what is -3410323 + -204?
-3411032
In base 13, what is 66cc - 356?
6376
In base 4, what is -31202222332 + -10?
-31202223002
In base 14, what is -2d45a + -c5?
-2d541
In base 3, what is -122022001002 + -120?
-122022001122
In base 2, what is -11100000000101100010101011 - 11?
-11100000000101100010101110
In base 5, what is -4034320220 + 0?
-4034320220
In base 7, what is -633 + -60654?
-61620
In base 15, what is 432 + 78d?
bc0
In base 15, what is -101a76 - -17?
-101a5e
In base 16, what is 50 + 14591?
145e1
In base 9, what is 1005762 - 41?
1005721
In base 14, what is -107707 - 9c?
-1077a5
In base 4, what is -22200222313311 + 2?
-22200222313303
In base 7, what is -15650 + -213330?
-232310
In base 4, what is 123 - -23033012302?
23033013031
In base 6, what is -221 + 1044053?
1043432
In base 8, what is 53763167 + 2?
53763171
In base 7, what is -352543534 - 32?
-352543566
In base 6, what is 4200 + -155254?
-151054
In base 13, what is -4898718 - -10?
-4898708
In base 15, what is 1da6 - -6e30?
8cd6
In base 13, what is -5 + 6b745b?
6b7456
In base 3, what is 121021200210000 - 2?
121021200202221
In base 8, what is 4 + -11346120?
-11346114
In base 2, what is -10111000 - 101100001110000?
-101100100101000
In base 16, what is 5771e0 - 1?
5771df
In base 15, what is -38eb9 - 69?
-39033
In base 3, what is 122110001 - -1021200?
200201201
In base 5, what is 131041413 - 13?
131041400
In base 10, what is 2989574 + -1?
2989573
In base 11, what is -277a985 + 4?
-277a981
In base 8, what is -134443 - -2751?
-131472
In base 15, what is 29ed - 33d?
26b0
In base 14, what is 126bac - -6?
126bb4
In base 6, what is -255 - -2114223?
2113524
In base 10, what is 4 - 22414105?
-22414101
In base 14, what is 1754 - 217?
153b
In base 8, what is 30 - -412176?
412226
In base 2, what is 1001101101101001100111010000 - -11?
1001101101101001100111010011
In base 10, what is 4 - -24866061?
24866065
In base 8, what is 10222 - -24447?
34671
In base 7, what is -3434 + 216532?
213065
In base 3, what is 1 + -20211111021200?
-20211111021122
In base 7, what is 16503 + 1503350?
1523153
In base 9, what is -6431301 + 5?
-6431285
In base 8, what is 1001410 + -4002?
775406
In base 7, what is 26633 + -12225?
14405
In base 7, what is 20603 - 20163?
410
In base 2, what is 10110011011010010101110 + 0?
10110011011010010101110
In base 14, what is -17c104 - 5?
-17c109
In base 4, what is -13230 - 2010000?
-2023230
In base 16, what is -c + 824a5?
82499
In base 10, what is -365468 + 29?
-365439
In base 5, what is 1 + 2140014024?
2140014030
In base 14, what is 7d55a9 + -d1?
7d54b8
In base 15, what is 486126 + 2?
486128
In base 11, what is 279046846 - 2?
279046844
In base 14, what is 4b06354 + 9?
4b0635d
In base 